actor of 72 and k?
36
Suppose -169*k = -162*k - 896. Calculate the highest common factor of k and 4192.
32
Let q be -38 - -40 - 1/(-2)*-2. Let w be (2/4)/(2/24). Let d = w - 4. Calculate the greatest common divisor of d and q.
1
Suppose 501*c = 855037 + 508184. Calculate the greatest common divisor of 3 and c.
3
Let y(t) = -t**2 - 12*t - 17. Let h be y(-10). Suppose -h*b = -1 + 46. Let m be (-873)/b - 6 - (-2)/(-10). What is the greatest common factor of 104 and m?
52
Suppose 17*q - 15*q - 60 = 0. Suppose 0 = 6*m + q, -2*f - m + 389 = -4*m. Calculate the highest common factor of 17 and f.
17
Let z(s) = s**3 + 13*s**2 - 17*s - 26. Let c(m) = -m**2 - 24*m - 37. Let y be c(-23). Let x be z(y). What is the highest common factor of x and 32?
16
Let b(q) = -3*q**3 - 8*q**2 + 14*q - 12. Let l be b(-6). Calculate the highest common factor of 2 and l.
2
Let o(p) = -1081*p + 607. Let v be o(-5). What is the highest common divisor of 18 and v?
18
Let z(k) = k**2 + 25*k + 46. Let d be (((-6)/8)/(-1))/((-53)/1696). Let t be z(d). Let x = -20 + 75. Calculate the highest common factor of x and t.
11
Suppose -13*k = 5477 - 5841. What is the highest common factor of k and 175?
7
Let n(l) be the first derivative of -24 - 5/2*l**2 + 0*l. Let w be n(-14). Calculate the greatest common divisor of 10 and w.
10
Suppose -12*p = -0*p - 132. Suppose 5*v = 345 + 370. Calculate the greatest common factor of v and p.
11
Let a be 146/16 + (-2)/16. Let t = 80 - 127. Let n = a - t. Calculate the greatest common factor of n and 8.
8
Let i(x) = 0*x + 7*x + 15*x. Let b be i(1). Suppose 900*o - 28292 = 257*o. Calculate the greatest common factor of o and b.
22
Suppose 2*k = 2*t - 110, 0*t - 5*k = 3*t - 133. Suppose 0 = -23*h + 179*h - 31824. Calculate the greatest common factor of t and h.
51
Suppose 11*j - 119 - 266 = 0. What is the greatest common divisor of j and 105?
35
Let m = -56 + 59. Suppose -2*i - m*p = 124, -6 = i + 3*p + 62. Let a = -32 - i. Calculate the greatest common factor of a and 240.
24
Suppose 15*k - 523 - 152 = 0. Suppose 4*p = 2*p + m + 71, 2*p - 73 = 3*m. Calculate the highest common factor of k and p.
5
Let r = -384 - -517. Let c = -11 - -18. What is the greatest common divisor of r and c?
7
Let p = 101 - 92. Suppose -3*v = 5*l + 58, -l - 126 = 6*v - v. Let f = p - v. What is the highest common divisor of 245 and f?
35
Let w = 1554 - 1290. Calculate the highest common divisor of 24 and w.
24
Let m = -2849 + 2865. Calculate the greatest common factor of m and 76.
4
Suppose 2*n - 5 = 27. Suppose 12*r + 815 = 263. Let h = r + 54. What is the highest common divisor of n and h?
8
Suppose -19 = -11*l - 63. Let d be 6/l - (-7098)/156. Calculate the greatest common factor of 352 and d.
44
Let v(p) = -2*p**3 + 13*p**2 - 11*p + 6. Let s be 5 + 2 + -2 + -1. Let b be v(s). Suppose -3*d = -0*d - 42. Calculate the highest common factor of d and b.
14
Let b be (-1)/(5/(-50)) + 0. Suppose 147 = b*o - 33. Calculate the greatest common factor of o and 144.
18
Let r be 69/(-12)*(1 - (17 - (-48)/(-6))). Suppose 3*p - 86 = 1018. Calculate the greatest common factor of p and r.
46
Let h be (-21)/14 + 234/4. Let c be (-21830)/(-230) + (-8)/(-92). What is the greatest common factor of h and c?
19
Let i be 124/(-310) - (-24)/10. Suppose -4 = 4*v, i*v + 1274 = 5*a + 3*v. What is the greatest common divisor of a and 51?
51
Let i be ((-14)/6)/((-1078)/(-180) + -6). Suppose 0 = a - i + 120. What is the greatest common divisor of 60 and a?
30
Let g = -313 - -331. Suppose g*f = -z + 13*f + 70, 4*f - 4 = 0. Calculate the greatest common factor of z and 208.
13
Suppose 659*r - 1228 = 671*r - 3568. Calculate the highest common factor of 26 and r.
13
Suppose 443*j + 634*j - 350*j - 20356 = 0. What is the highest common factor of j and 1916?
4
Suppose -9*c + 779 = -2389. Let u(r) = -r**2 + 13*r + 1 + 6 - 5. Let b be u(7). What is the greatest common factor of b and c?
44
Let p be (5515/15)/(7/21). Let l = p + -1044. Calculate the highest common divisor of l and 295.
59
Suppose -152*s + 5670 = -98*s. Calculate the highest common factor of 5565 and s.
105
Suppose 7 = z + g, 2*z + z = -g + 15. Suppose -570 = -5*t + 5*v, 218 = z*t - 2*t + 3*v. Calculate the highest common divisor of t and 32.
16
Suppose c + 519*s - 522*s = 315, 5*s - 1675 = -5*c. What is the greatest common divisor of 1254 and c?
66
Suppose -2*x - z + 1198 = 2*x, -2*x = -4*z - 608. Let h be 2 - (-25 - -3*(-4 + 5)). What is the highest common divisor of h and x?
12
Let a = 374 + -368. Let w(j) = -48*j - 9. Let i(s) = 49*s + 9. Let g(h) = -3*i(h) - 4*w(h). Let d be g(a). Calculate the greatest common factor of 31 and d.
31
Let w = -2 + 15. Let m(z) = -z**3 - 5*z**2 - 14*z + 24. Let u be m(-6). Suppose 584 = 8*t - u. What is the highest common factor of w and t?
13
Suppose -109*w + 107*w + u = -512, -4*u = 0. What is the greatest common factor of w and 8?
8
Let s be (-9 - 22)/93 + (-1945)/(-3). What is the greatest common factor of 28 and s?
4
Suppose 20*n - 32 = 16*n. Let c be 5/15 - (-3 + n/6). Suppose 4*m + 2*p - 32 = 0, -3*m + c*p + 19 = p. What is the highest common factor of 14 and m?
7
Let h(k) = 3*k**2 - 37*k - 264. Let x be h(20). Suppose 199 = f - 5*d + 67, 0 = -5*f - 5*d + 750. Calculate the greatest common factor of f and x.
49
Let t be 2*1/(-3) + (-16)/(-6). Suppose 0*a - 17 = -r - 4*a, -a + 11 = r. Let u be 6/(0 - r/(-24)). Calculate the greatest common factor of t and u.
2
Let t(y) be the first derivative of 4*y**4 - y**3/3 + 2*y**2 - 4*y + 26. Let k be t(2). What is the greatest common divisor of k and 320?
64
Suppose -5*b = -2*r - 4673, 3*b + 0*b = -r + 2795. Let j be b + 2*(-40)/(-16). Calculate the highest common factor of 14 and j.
14
Let s be 85 + -83 + (0 - 0). Suppose 4*g - 40 = -2*t + 8, -s*t = -5*g - 93. Calculate the greatest common factor of 34 and t.
34
Let l = -2152 - -2173. Suppose 2*g - 735 = -3*g. Calculate the highest common divisor of l and g.
21
Suppose 4*x + 3*q = 13, 36*q - 32*q = 5*x + 7. Calculate the greatest common divisor of 2201 and x.
1
Let m(s) be the first derivative of -5*s + 3/2*s**2 + 13. Let a be m(10). What is the greatest common factor of a and 75?
25
Suppose -5*f + 21658 = 6*u - 4*f, -5*u = 2*f - 18046. What is the greatest common factor of u and 20?
10
Suppose -20*k - 2 = -16*k - 18. What is the highest common divisor of 1676 and k?
4
Suppose -3*v - 51 = -3. Let o be v/24*(-9)/(-6). Let j be o*3 - (-293 + 11). What is the greatest common divisor of 31 and j?
31
Let b(h) be the second derivative of -h**4/6 - 14*h**3/3 + 37*h**2/2 - 2*h - 36. Let d be b(-13). Calculate the greatest common divisor of d and 45.
9
Suppose 6*u - u - 5370 = 5*y, 2*u - y = 2151. Suppose 316 = q - 4*g, -u = -4*q - 3*g + 225. What is the highest common factor of 12 and q?
12
Let j(a) = 67*a**2 - 805*a + 13. Let g be j(12). What is the greatest common factor of 463 and g?
1
Suppose -26*k + 25*k - 15 = 0. Let i(b) = b + 32. Let q be i(k). Suppose -13*v - 200 = -q*v. What is the greatest common factor of v and 20?
10
Let c = -68 - -73. Suppose -c*o = -25, 5 + 9 = g - 2*o. What is the highest common divisor of 200 and g?
8
Let m(t) = -538*t + 5400. Let p be m(10). Let h be -40*(-1 + -2 - -1). Calculate the greatest common divisor of p and h.
20
Suppose 5*s + 3642 - 30272 = -5*l, -2*l + 10603 = -5*s. What is the greatest common divisor of 197 and l?
197
Let k(c) = 4*c - 13. Let x be k(3). Let h be (-7 + 5)*(x + -5). What is the greatest common factor of 192 and h?
12
Let b be (-4786)/(-5) + 1/(-5). Calculate the highest common divisor of b and 33.
33
Let q = 114 + -81. Suppose q - 673 = -4*n. Suppose 10*y = 5*y + n. Calculate the highest common divisor of 80 and y.
16
Let k be 10 + (-2)/2 - 5. Let v(z) = z**3 + 9*z**2 + 10*z + 8. Let j be v(-4). Let f = j + -34. What is the highest common divisor of k and f?
2
Suppose 115*u = 102*u + 44109. Let t = u - 2106. Calculate the highest common divisor of t and 9.
9
Let x(c) = 3*c**2 - 29*c - 3. Let g = -9 - -19. Let p be x(g). Suppose -2*s + p = -3*l, -2*l - 1 = 2*s - 3. Calculate the highest common factor of s and 16.
2
Let o be 6*12/27*(-29)/(116/(-15360)). Calculate the greatest common factor of o and 160.
160
Suppose -132 = -14*r + 8*r. Let j be -1 + 16*35/